= -2*k**3 + 63*k**2 - 228*k - 2881. Give f(12).
-1
Let p(l) = -47*l + 531. Give p(-19).
1424
Let z(p) = 29*p**2 - 1671*p + 6671. Give z(4).
451
Let a(d) = -d**3 + 93*d**2 + 203*d - 1445. Determine a(95).
-210
Let b(g) = -107*g**2 + 2964*g - 2965. Determine b(1).
-108
Let h(t) = -t**3 - 33*t**2 - 125*t - 148. Determine h(-2).
-22
Let d(w) = 91*w**2 - 53*w + 58. What is d(1)?
96
Let h(d) = d**2 - 86*d + 1472. What is h(62)?
-16
Let h(j) = -543815*j - 11963929. Calculate h(-22).
1
Let r(k) = -k**3 + 92*k**2 + 21601*k - 202. What is r(200)?
-2
Let n(x) = -8*x**2 + 240*x + 3207. What is n(40)?
7
Let p(b) = 4980*b**2 + 34885*b + 183. Give p(-7).
8
Let d(z) = -1622*z + 1243. Determine d(1).
-379
Let d(f) = 2*f**2 + 457*f - 118376. What is d(-383)?
-29
Let s(m) = -4*m**3 - 6*m**2 - m - 72. Calculate s(-4).
92
Let i(y) = -y**3 - 32*y**2 + 248*y - 317. Give i(5).
-2
Let j(h) = 5*h**3 + 394*h**2 - 477*h + 255. Calculate j(-80).
15
Let w(m) = m**2 + 7557*m - 235349. What is w(31)?
-121
Let u(d) = d**3 - 11*d**2 + 2316*d - 23064. Give u(10).
-4
Let m(j) = 302*j**2 - 5433*j - 122. Give m(18).
-68
Let k(d) = -4765*d**2 + 61945*d + 12. Calculate k(13).
12
Let v(f) = 5609*f**2 - 84211*f - 16. Calculate v(15).
-1156
Let c(o) = -1877*o + 281551. What is c(150)?
1
Let f(n) = n**2 + 3217*n + 639856. What is f(-213)?
4
Let h(v) = 3*v**3 - 71*v**2 + 157*v - 48. Determine h(21).
-279
Let h(v) = -6*v**3 + 124*v**2 + 42*v - 12. What is h(21)?
-12
Let t(y) = -75749*y + 378754. Give t(5).
9
Let z(s) = 3103*s**2 - 46535*s - 144. Give z(15).
6
Let d(i) = 10*i**3 + 71*i**2 + 258*i + 1758. Give d(-7).
1
Let b(n) = 1395*n**2 - 8332*n - 4. What is b(6)?
224
Let q(o) = 454*o**2 + 4980*o + 16. Calculate q(-11).
170
Let w(x) = -1094*x**2 - 16413*x - 45. Give w(-15).
0
Let z(k) = 111*k**2 - 201*k - 1241. Determine z(-6).
3961
Let y(w) = 19916*w + 159357. Calculate y(-8).
29
Let s(w) = -w**3 + 54*w**2 + 236*w - 19879. Calculate s(51).
-40
Let r(h) = h**2 - 88*h - 89701. Determine r(-259).
172
Let k(g) = 10*g**2 + 720*g + 12714. What is k(-41)?
4
Let t(x) = 33262*x + 1097652. Give t(-33).
6
Let u(z) = 959818*z + 4799071. Give u(-5).
-19
Let b(z) = 2*z**2 - 229*z - 82276. Determine b(268).
0
Let p(y) = -13*y**3 - 17*y**2 - 224*y - 391. Calculate p(-2).
93
Let i(v) = 13274*v**2 - 79641*v - 7. What is i(6)?
11
Let z(q) = -5*q**3 + 310*q**2 - 109*q + 6658. Determine z(62).
-100
Let i(h) = 129*h - 22140. Give i(172).
48
Let c(a) = 931*a - 15574. Determine c(17).
253
Let v(n) = n**2 - 12305*n - 741915. Give v(-60).
-15
Let i(p) = -6*p**3 - 12*p**2 + 1834*p + 12812. Give i(-7).
1444
Let m(d) = -d**3 - 22*d**2 + 269*d + 4288. Give m(-26).
-2
Let n(q) = -4*q**2 + 155*q - 1514. Determine n(12).
-230
Let i(f) = -1436*f - 2352. Give i(-2).
520
Let b(x) = -2*x**2 - 156*x - 1075. Determine b(-64).
717
Let p(y) = 2*y**2 + 284*y - 186008. Calculate p(242).
-152
Let r(i) = -5*i**2 + 1747*i - 4052. Determine r(347).
112
Let z(t) = -t**2 - 5144*t - 163368. Determine z(-32).
216
Let m(o) = -5*o**2 + 924*o - 205. Give m(0).
-205
Let u(s) = 5*s**3 - 118*s**2 - 72*s - 134. Calculate u(21).
-7379
Let f(m) = m**3 + 26*m**2 - 4915*m - 135984. What is f(-28)?
68
Let w(g) = 8*g**3 + 29*g**2 - 4*g - 22. What is w(-3)?
35
Let w(n) = n**3 - 3*n**2 - 8542*n + 44. Give w(0).
44
Let i(g) = -g**3 + g**2 - 212*g - 90. Determine i(0).
-90
Let p(l) = -1573*l + 7960. Give p(5).
95
Let m(j) = 567109*j + 5103978. What is m(-9)?
-3
Let h(i) = 48*i - 2342. Give h(42).
-326
Let i(u) = 5476*u - 2935100. Determine i(536).
36
Let y(v) = v**2 + 97*v - 165728. What is y(362)?
430
Let d(q) = q**3 + 35*q**2 + 277*q + 932. What is d(-10)?
662
Let j(f) = -f**3 + 169*f**2 - 443*f - 8983. Give j(166).
147
Let j(n) = 1590*n - 416592. Give j(262).
-12
Let w(q) = 2452*q + 80988. Give w(-33).
72
Let o(f) = 8*f**3 - 751*f**2 - 96*f - 215. Give o(94).
-403
Let h(b) = 6*b**3 + 15*b**2 - b - 2. What is h(-4)?
-142
Let x(d) = 1538*d - 402952. Determine x(262).
4
Let r(y) = y**2 - 1027*y + 24343. Calculate r(24).
271
Let r(z) = -46*z**3 + 3*z**2 - 255*z + 253. Calculate r(1).
-45
Let g(c) = 6*c**3 - 2*c**2 + 33*c + 122. Give g(-6).
-1444
Let k(y) = 167*y - 1385. Give k(11).
452
Let q(y) = -y**3 - 95*y**2 + 242*y + 14098. What is q(-96)?
82
Let n(i) = 7*i**2 - 94*i - 70. Determine n(16).
218
Let i(w) = 10355*w + 227807. Give i(-22).
-3
Let h(i) = -15916*i - 604793. Determine h(-38).
15
Let k(c) = c**2 + 28*c - 7137. What is k(72)?
63
Let b(w) = -2*w**2 - 86317*w - 2242879. Determine b(-26).
11
Let v(c) = 4728*c + 22703. Give v(-5).
-937
Let i(v) = 2202*v + 354542. What is i(-161)?
20
Let r(u) = -2289*u - 137328. Calculate r(-60).
12
Let a(v) = -630620*v + 3783718. Calculate a(6).
-2
Let c(i) = i**3 - 51*i**2 + 20*i + 547. Give c(-3).
1
Let d(v) = 8183*v - 22603. Give d(3).
1946
Let r(z) = z**2 - 245998*z + 1475967. Give r(6).
15
Let l(m) = m**2 + 16311*m + 1975084. Give l(-122).
26
Let n(a) = -113*a**3 + 1921*a**2 + 97*a - 1655. Give n(17).
-6
Let s(l) = -2*l**3 - 6*l**2 + 40*l + 163. What is s(-4)?
35
Let l(h) = h**3 + 112*h**2 + 2356*h - 32. Determine l(-28).
-144
Let q(f) = -15*f**3 - 86*f**2 - 104*f - 585. Calculate q(-6).
183
Let g(j) = -2714*j**2 - 135691*j + 456. Determine g(-50).
6
Let f(r) = 88*r**2 + 4*r - 2514. Determine f(0).
-2514
Let r(d) = 61*d**2 + 392*d - 1504. Give r(4).
1040
Let v(u) = -2*u**3 - 10*u**2 + 404*u - 1652. What is v(7)?
0
Let d(c) = -c**3 + 84*c**2 + 1276*c - 383. What is d(97)?
1072
Let u(k) = k**3 + 38*k**2 + 64*k + 846. What is u(-37)?
-153
Let x(p) = 19993*p + 459830. Calculate x(-23).
-9
Let b(l) = -3*l**2 - 485*l + 3567. Give b(-172).
-1765
Let t(z) = 28557*z - 428356. Determine t(15).
-1
Let r(m) = -7*m**2 - 4354*m - 675660. Give r(-325).
15
Let i(b) = -524*b - 9620. Calculate i(-17).
-712
Let k(z) = -78*z**3 + 8*z**2 + 11*z - 11. What is k(1)?
-70
Let x(t) = 154*t - 17453. Determine x(114).
103
Let w(b) = -3*b**3 - 46*b**2 + 327*b - 604. Give w(-21).
26
Let x(n) = -39835*n - 517849. What is x(-13)?
6
Let o(a) = 5*a**3 + 10*a**2 + 77*a + 20. Calculate o(-3).
-256
Let o(h) = 42*h**3 + 213*h**2 - 2640*h - 13277. What is o(-5)?
-2
Let w(a) = 277601*a + 1388056. Give w(-5).
51
Let x(y) = 13*y**2 - 729*y + 608. Give x(55).
-162
Let q(v) = 83715*v + 2762594. What is q(-33)?
-1
Let u(z) = z**3 + 142*z**2 + 1568*z + 1418. What is u(-130)?
378
Let l(n) = -n**3 - 39*n**2 - 156*n - 514. Give l(-35).
46
Let x(h) = -944554*h + 944550. Calculate x(1).
-4
Let j(h) = -43*h - 1487. Calculate j(-31).
-154
Let l(j) = -j**2 - 140*j - 3332. Calculate l(-105).
343
Let b(c) = 10605*c - 21303. Calculate b(2).
-93
Let u(x) = 17466*x - 52135. What is u(3)?
263
Let z(d) = 12*d + 4457. What is z(-375)?
-43
Let s(r) = 2*r**3 + 97*r**2 - 2644*r + 550. What is s(-68)?
6
Let b(v) = v**3 + 33*v**2 + 279*v - 61. Determine b(-15).
-196
Let d(v) = -15*v**3 - 4*v**2 + 559*v - 556. Calculate d(1).
-16
Let d(b) = -4*b**2 + 1181*b - 14016. Calculate d(283).
-149
Let w(a) = -732*a**2 - 159*a + 337. Give w(2).
-2909
Let q(u) = 3*u**3 + 2*u**2 + 12*u + 74. Give q(10).
3394
Let x(k) = 2*k**3 - 274*k**2 + 4312*k - 497. Calculate x(18).
7
Let v(n) = -2*n**3 - 143*n**2 + 477*n + 688. What is v(-75)?
4288
Let d(k) = k**3 - 414*k**2 + 826*k - 842. Give d(412).
-18
Let i(x) = -9648*x - 328011. Calculate i(-34).
21
Let c(z) = -z**3 + 362*z**2 + 1279*z - 67264. Calculate c(365).
-104
Let c(w) = -5*w**2 + 194*w - 1410. Give c(7).
-297
Let i(f) = -51*f**3 + 95*f**2 + 89*f - 146. Give i(2).
4
Let s(t) = -t**3 - 210*t**2 - 2576*t - 3113. Determine s(-197).
-158
Let p(j) = -424*j + 1347. Give p(3).
75
Let v(a) = -745237*a - 8942856. Determine v(-12).
-12
Let v(b) = -356*b**2 + 3549*b + 7093. Determine v(-2).
-1429
Let q(l) = -36*l**3 - 1617*l + 1617. Give q(1).
-36
Let x(f) = 1228*f**2 + 12247*f + 12246. Give x(-1).
1227
Let u(z) = 305*z + 13083. Give u(-44).
-337
Let n(b) = -695*b - 4608. Give n(-6).
-438
Let x(v) = -v**3 - 2*v**2 - 207*v + 74. Determine x(0).
74
Let q(n) = -14*n**2 - 34985*n + 69962. Determine q(2).
-64
Let g(s) = 1227*s**2 + 6*s - 23. Calculate g(1).
1210
Let d(q) = 65*q**2 - 5793*q + 1010. What is d(89)?
298
Let x(n) = 15977*n - 15916. What is x(1)?
61
Let m(u) = u**3 + 73*u**2 + 1241*u - 86. What is m(-27)?
-59
Let o(y) = -2729*y - 207402